st the prime factors of 82149855.
3, 5, 41, 223, 599
List the prime factors of 112599566.
2, 56299783
What are the prime factors of 7448126130?
2, 3, 5, 82756957
What are the prime factors of 261932814?
2, 3, 11, 13, 29
List the prime factors of 11348252.
2, 2837063
What are the prime factors of 94148401?
19, 4955179
What are the prime factors of 297028154?
2, 61, 2434657
List the prime factors of 573904885.
5, 3319, 34583
List the prime factors of 1922848586.
2, 41, 53, 59, 7499
What are the prime factors of 170881274?
2, 4217, 20261
List the prime factors of 2250589190.
2, 5, 4877, 46147
List the prime factors of 5665081121.
7, 6451, 125453
List the prime factors of 17932424.
2, 2241553
List the prime factors of 942903.
3, 13, 8059
List the prime factors of 2532031175.
5, 31, 37, 88301
What are the prime factors of 133903085?
5, 127, 433, 487
What are the prime factors of 523957588?
2, 7, 11, 22093
What are the prime factors of 38547840?
2, 3, 5, 17, 1181
What are the prime factors of 41324473?
41324473
What are the prime factors of 1343230374?
2, 3, 223871729
What are the prime factors of 167003378?
2, 113, 738953
List the prime factors of 38560905.
3, 5, 856909
List the prime factors of 641845987.
157, 4088191
List the prime factors of 195275790.
2, 3, 5, 89, 24379
List the prime factors of 57604052.
2, 11, 23, 56921
List the prime factors of 1675569922.
2, 13, 64444997
What are the prime factors of 1379926534?
2, 7, 14080883
What are the prime factors of 3334694390?
2, 5, 311, 761, 1409
List the prime factors of 426110700.
2, 3, 5, 1420369
What are the prime factors of 48713973?
3, 7, 11, 227, 929
What are the prime factors of 3284635002?
2, 3, 11, 4421, 11257
What are the prime factors of 27200639?
43, 47, 313
List the prime factors of 1735144052.
2, 433786013
What are the prime factors of 20985699?
3, 7, 641, 1559
List the prime factors of 39956683.
13, 673, 4567
What are the prime factors of 75997831?
7, 13, 835141
List the prime factors of 138719321.
13, 151, 70667
What are the prime factors of 2838490198?
2, 3907, 363257
What are the prime factors of 217672948?
2, 31, 59, 29753
List the prime factors of 30301025.
5, 43, 71, 397
List the prime factors of 294893681.
14549, 20269
What are the prime factors of 573196763?
573196763
What are the prime factors of 5630889541?
5630889541
What are the prime factors of 29393356?
2, 23, 29, 479
List the prime factors of 30187141.
71, 227, 1873
List the prime factors of 10905512.
2, 1363189
List the prime factors of 3190781702.
2, 31, 51464221
List the prime factors of 3831946149.
3, 17, 73, 1029263
List the prime factors of 34162871.
1901, 17971
List the prime factors of 246524782.
2, 7, 199, 12641
What are the prime factors of 87651128?
2, 2371, 4621
What are the prime factors of 3404418333?
3, 1134806111
List the prime factors of 88537947.
3, 29512649
List the prime factors of 3044621315.
5, 271, 2246953
What are the prime factors of 333579105?
3, 5, 19, 390151
List the prime factors of 1278856537.
7, 67, 389539
What are the prime factors of 2200323780?
2, 3, 5, 12224021
List the prime factors of 1442692784.
2, 13, 6936023
What are the prime factors of 1705509125?
5, 13644073
List the prime factors of 55898478.
2, 3, 179, 5783
What are the prime factors of 985213923?
3, 3467, 94723
List the prime factors of 2612648299.
431, 6061829
List the prime factors of 6251839329.
3, 353, 2393, 2467
What are the prime factors of 27848142?
2, 3, 7, 17, 13001
List the prime factors of 1354248078.
2, 3, 225708013
What are the prime factors of 1907325116?
2, 127, 3754577
List the prime factors of 482865741.
3, 991, 54139
List the prime factors of 349584765.
3, 5, 23305651
List the prime factors of 43763601.
3, 7, 2083981
List the prime factors of 421905029.
7, 13, 4636319
What are the prime factors of 4020397927?
7, 13, 79, 559243
What are the prime factors of 184672994?
2, 11, 37, 226871
List the prime factors of 504931587.
3, 61, 2759189
List the prime factors of 3204075002.
2, 23279, 68819
What are the prime factors of 590718093?
3, 7, 197, 142789
List the prime factors of 5660462588.
2, 11, 653, 197009
What are the prime factors of 56628366?
2, 3, 439, 21499
What are the prime factors of 41464939?
659, 62921
What are the prime factors of 3794169302?
2, 7, 11, 24637463
What are the prime factors of 410134703?
11, 19, 178397
List the prime factors of 57613247.
97, 593951
List the prime factors of 164350874.
2, 19, 149, 29027
What are the prime factors of 434289952?
2, 97, 181, 773
List the prime factors of 162682273.
13, 962617
List the prime factors of 493520566.
2, 7, 11, 3204679
What are the prime factors of 963175866?
2, 3, 103, 233, 6689
List the prime factors of 42023460.
2, 3, 5, 700391
What are the prime factors of 77116638?
2, 3, 2129, 6037
What are the prime factors of 5440364514?
2, 3, 13, 17, 11689
What are the prime factors of 172098275?
5, 6883931
What are the prime factors of 3668160998?
2, 739, 2481841
What are the prime factors of 9423145?
5, 19, 99191
List the prime factors of 717748480.
2, 5, 137, 4093
List the prime factors of 109984353.
3, 79, 464069
What are the prime factors of 546990188?
2, 10567, 12941
What are the prime factors of 71495202?
2, 3, 11915867
List the prime factors of 23443353.
3, 653, 3989
List the prime factors of 1843409604.
2, 3, 7993, 19219
List the prime factors of 8558336.
2, 101, 331
What are the prime factors of 3359951969?
11, 1429, 213751
What are the prime factors of 417014609?
11, 239, 158621
List the prime factors of 5629503676.
2, 37, 38037187
List the prime factors of 606542663.
307, 1975709
What are the prime factors of 853387339?
7, 2927, 41651
What are the prime factors of 117142953?
3, 947, 41233
What are the prime factors of 99987134?
2, 13, 163, 23593
List the prime factors of 343385624.
2, 173, 227, 1093
List the prime factors of 121296382.
2, 60648191
List the prime factors of 4244105.
5, 293, 2897
What are the prime factors of 442234519?
19, 2297, 10133
What are the prime factors of 552578952?
2, 3, 167, 137869
List the prime factors of 16894905.
3, 5, 191, 5897
List the prime factors of 163132775.
5, 13, 501947
What are the prime factors of 1320168865?
5, 73, 3616901
List the prime factors of 69534890.
2, 5, 1607, 4327
What are the prime factors of 20438590?
2, 5, 17, 109, 1103
List the prime factors of 41160269.
41, 1003909
What are the prime factors of 5748717?
3, 13, 223, 661
List the prime factors of 610886526.
2, 3, 101814421
List the prime factors of 877305703.
877305703
What are the prime factors of 86511862?
2, 73, 592547
List the prime factors of 67920601.
7, 9702943
What are the prime factors of 354214031?
73, 4852247
List the prime factors of 85642933.
85642933
What are the prime factors of 6950402750?
2, 5, 27801611
List the prime factors of 622801753.
7, 88971679
What are the prime factors of 460290064?
2, 13, 37, 59809
List the prime factors of 8754958.
2, 31, 141209
What are the prime factors of 118253242?
2, 29, 2038849
What are the prime factors of 4653359960?
2, 5, 1973, 58963
What are the prime factors of 384123698?
2, 7, 27437407
What are the prime factors of 146960554?
2, 13, 19, 521, 571
What are the prime factors of 140004019?
140004019
What are the prime factors of 946168524?
2, 3, 7, 17, 220861
List the prime factors of 33396634.
2, 1103, 15139
What are the prime factors of 43279781?
43279781
What are the prime factors of 82929950?
2, 5, 23, 37, 1949
What are the prime factors of 606033096?
2, 3, 25251379
List the prime factors of 1304791985.
5, 7, 5059, 7369
List the prime factors of 53412974.
2, 139, 192133
What are the prime factors of 43169575?
5, 257, 6719
List the prime factors of 1306771180.
2, 5, 11, 13, 37, 53, 233
What are the prime factors of 252699?
3, 131, 643
What are the prime factors of 364516621?
7, 52073803
List the prime factors of 708702868.
2, 17, 10422101
List the prime factors of 3512262534.
2, 3, 11, 211, 252209
List the prime factors of 80973156.
2, 3, 11, 23, 149, 179
What are the prime factors of 75769747?
37, 59, 61, 569
List the prime factors of 50630670.
2, 3, 5, 62507
What are the prime factors of 90148263?
3, 17, 821, 2153
List the prime factors of 2988351266.
2, 1494175633
What are